{"id":23,"date":"2023-06-09T07:48:29","date_gmt":"2023-06-09T07:48:29","guid":{"rendered":"https:\/\/borgerforeningen.asaplive.dk\/?page_id=23"},"modified":"2024-03-11T11:27:51","modified_gmt":"2024-03-11T11:27:51","slug":"borgerforeningen","status":"publish","type":"page","link":"https:\/\/borgerforeningen.asaplive.dk\/?page_id=23","title":{"rendered":"Borgerforeningen"},"content":{"rendered":"\t\t<div data-elementor-type=\"wp-page\" data-elementor-id=\"23\" class=\"elementor elementor-23\" data-elementor-post-type=\"page\">\n\t\t\t\t\t\t<section class=\"elementor-section elementor-top-section elementor-element elementor-element-6def8f07 elementor-section-full_width elementor-section-height-min-height elementor-section-height-default elementor-section-items-middle\" data-id=\"6def8f07\" data-element_type=\"section\" data-settings=\"{&quot;background_background&quot;:&quot;classic&quot;}\">\n\t\t\t\t\t\t<div class=\"elementor-container elementor-column-gap-default\">\n\t\t\t\t\t<div class=\"elementor-column elementor-col-100 elementor-top-column elementor-element elementor-element-2c8fc1ac\" data-id=\"2c8fc1ac\" data-element_type=\"column\">\n\t\t\t<div class=\"elementor-widget-wrap elementor-element-populated\">\n\t\t\t\t\t\t<div class=\"elementor-element elementor-element-6144aad1 elementor-widget elementor-widget-spacer\" data-id=\"6144aad1\" data-element_type=\"widget\" data-widget_type=\"spacer.default\">\n\t\t\t\t<div class=\"elementor-widget-container\">\n\t\t\t\t\t<div class=\"elementor-spacer\">\n\t\t\t<div class=\"elementor-spacer-inner\"><\/div>\n\t\t<\/div>\n\t\t\t\t<\/div>\n\t\t\t\t<\/div>\n\t\t\t\t\t<\/div>\n\t\t<\/div>\n\t\t\t\t\t<\/div>\n\t\t<\/section>\n\t\t\t\t<section class=\"elementor-section elementor-top-section elementor-element elementor-element-153e061f elementor-section-full_width elementor-section-stretched elementor-section-height-default elementor-section-height-default\" data-id=\"153e061f\" data-element_type=\"section\" data-settings=\"{&quot;stretch_section&quot;:&quot;section-stretched&quot;}\">\n\t\t\t\t\t\t<div class=\"elementor-container elementor-column-gap-default\">\n\t\t\t\t\t<div class=\"elementor-column elementor-col-25 elementor-top-column elementor-element elementor-element-239f78db\" data-id=\"239f78db\" data-element_type=\"column\" data-settings=\"{&quot;background_background&quot;:&quot;classic&quot;}\">\n\t\t\t<div class=\"elementor-widget-wrap\">\n\t\t\t\t\t\t\t<\/div>\n\t\t<\/div>\n\t\t\t\t<div class=\"elementor-column elementor-col-50 elementor-top-column elementor-element elementor-element-5292ae35\" data-id=\"5292ae35\" data-element_type=\"column\" data-settings=\"{&quot;background_background&quot;:&quot;classic&quot;}\">\n\t\t\t<div class=\"elementor-widget-wrap elementor-element-populated\">\n\t\t\t\t\t\t<div class=\"elementor-element elementor-element-3bae496d elementor-widget-tablet__width-initial elementor-widget elementor-widget-heading\" data-id=\"3bae496d\" data-element_type=\"widget\" data-widget_type=\"heading.default\">\n\t\t\t\t<div class=\"elementor-widget-container\">\n\t\t\t<h1 class=\"elementor-heading-title elementor-size-default\">Borgerforeningen <\/h1>\t\t<\/div>\n\t\t\t\t<\/div>\n\t\t\t\t<div class=\"elementor-element elementor-element-3ef21b5e elementor-widget elementor-widget-text-editor\" data-id=\"3ef21b5e\" data-element_type=\"widget\" data-widget_type=\"text-editor.default\">\n\t\t\t\t<div class=\"elementor-widget-container\">\n\t\t\t\t\t\t\t<p>Borgerforeningen Lille Skensved, H\u00f8jelse og omegn blev stiftet den 22\/10 2014. Hovedform\u00e5let for Borgerforeningen er at v\u00e6re et lokalt taler\u00f8r for Lille Skensved, H\u00f8jelse og omegn samt at arbejde for et \u00f8get fokus p\u00e5 v\u00e6kst i K\u00f8ge Nord med det form\u00e5l at tiltr\u00e6kke og fastholde borgere og b\u00f8rnefamilier.<\/p><p>Det er foreningens hensigt at arbejde aktivt for, at der bliver skabt et politisk grundlag for et for\u00f8get fokus p\u00e5 Lille Skensved, H\u00f8jelse og omegn samt K\u00f8ge Nord. Desuden vi foreningen arbejde for at markedsf\u00f8re omr\u00e5det aktivt samt lokale aktiviteter, der fortsat skal styrke sammenholdet i lokalsamfundet og g\u00f8re omr\u00e5det attraktivt for nye tilflyttere.<\/p>\t\t\t\t\t\t<\/div>\n\t\t\t\t<\/div>\n\t\t\t\t\t<\/div>\n\t\t<\/div>\n\t\t\t\t<div class=\"elementor-column elementor-col-25 elementor-top-column elementor-element elementor-element-6f891b8c\" data-id=\"6f891b8c\" data-element_type=\"column\" data-settings=\"{&quot;background_background&quot;:&quot;classic&quot;}\">\n\t\t\t<div class=\"elementor-widget-wrap elementor-element-populated\">\n\t\t\t\t\t\t\t<\/div>\n\t\t<\/div>\n\t\t\t\t\t<\/div>\n\t\t<\/section>\n\t\t\t\t<section class=\"elementor-section elementor-top-section elementor-element elementor-element-2706e85 elementor-section-boxed elementor-section-height-default elementor-section-height-default\" data-id=\"2706e85\" data-element_type=\"section\" data-settings=\"{&quot;background_background&quot;:&quot;classic&quot;}\">\n\t\t\t\t\t\t<div class=\"elementor-container elementor-column-gap-default\">\n\t\t\t\t\t<div class=\"elementor-column elementor-col-33 elementor-top-column elementor-element elementor-element-b2a8005\" data-id=\"b2a8005\" data-element_type=\"column\">\n\t\t\t<div class=\"elementor-widget-wrap elementor-element-populated\">\n\t\t\t\t\t\t<div class=\"elementor-element elementor-element-d761d70 elementor-widget__width-initial elementor-widget-tablet__width-initial elementor-widget elementor-widget-heading\" data-id=\"d761d70\" data-element_type=\"widget\" data-widget_type=\"heading.default\">\n\t\t\t\t<div class=\"elementor-widget-container\">\n\t\t\t<h2 class=\"elementor-heading-title elementor-size-default\">\u201dVi flyttede til H\u00f8jelse, da vores b\u00f8rn var helt sm\u00e5. Vi er s\u00e6rligt glade for den n\u00e6rhed vi oplever i omr\u00e5det. Vi har oplevet en god daginstitution med en k\u00e6rlig atmosf\u00e6re og en yderst velfungerende skole. B\u00f8rnene f\u00f8lges ad fra vuggestue og b\u00f8rnehave op til skolen. Det er trygt for b\u00f8rnene \u2013 men ogs\u00e5 for for\u00e6ldrene.\u201d<\/h2>\t\t<\/div>\n\t\t\t\t<\/div>\n\t\t\t\t\t<\/div>\n\t\t<\/div>\n\t\t\t\t<div class=\"elementor-column elementor-col-66 elementor-top-column elementor-element elementor-element-e3edec8\" data-id=\"e3edec8\" data-element_type=\"column\" data-settings=\"{&quot;background_background&quot;:&quot;classic&quot;}\">\n\t\t\t<div class=\"elementor-widget-wrap elementor-element-populated\">\n\t\t\t\t\t\t<div class=\"elementor-element elementor-element-f501ad2 elementor-widget__width-initial elementor-widget-tablet__width-initial elementor-widget elementor-widget-spacer\" data-id=\"f501ad2\" data-element_type=\"widget\" data-widget_type=\"spacer.default\">\n\t\t\t\t<div class=\"elementor-widget-container\">\n\t\t\t\t\t<div class=\"elementor-spacer\">\n\t\t\t<div class=\"elementor-spacer-inner\"><\/div>\n\t\t<\/div>\n\t\t\t\t<\/div>\n\t\t\t\t<\/div>\n\t\t\t\t\t<\/div>\n\t\t<\/div>\n\t\t\t\t\t<\/div>\n\t\t<\/section>\n\t\t\t\t<section class=\"elementor-section elementor-top-section elementor-element elementor-element-4a66e46 elementor-section-full_width elementor-section-height-default elementor-section-height-default\" data-id=\"4a66e46\" data-element_type=\"section\">\n\t\t\t\t\t\t<div class=\"elementor-container elementor-column-gap-default\">\n\t\t\t\t\t<div class=\"elementor-column elementor-col-25 elementor-top-column elementor-element elementor-element-f833589\" data-id=\"f833589\" data-element_type=\"column\">\n\t\t\t<div class=\"elementor-widget-wrap\">\n\t\t\t\t\t\t\t<\/div>\n\t\t<\/div>\n\t\t\t\t<div class=\"elementor-column elementor-col-50 elementor-top-column elementor-element elementor-element-6e87838\" data-id=\"6e87838\" data-element_type=\"column\">\n\t\t\t<div class=\"elementor-widget-wrap elementor-element-populated\">\n\t\t\t\t\t\t<div class=\"elementor-element elementor-element-df3dc65 elementor-widget elementor-widget-text-editor\" data-id=\"df3dc65\" data-element_type=\"widget\" data-widget_type=\"text-editor.default\">\n\t\t\t\t<div class=\"elementor-widget-container\">\n\t\t\t\t\t\t\t<p>Landsbyklyngen Lille Skensved, H\u00f8jelse og omegn er i dag et velfungerende, trygt og livligt lokalsamfund. B\u00e5de det gode handelsliv, foreningslivet, de venlige beboer, de hyggelige omgivelser og den yderst centrale placering i forhold til K\u00f8ge, stationen, motorvejen og den kommende K\u00f8ge nord station g\u00f8r omr\u00e5det til et helt unik sted.<\/p><p>Borgerforeningen \u00f8nsker at bevare og styrke alle disse gode sider af byen. Borgerforeningen anerkender at en bevarelse af alle disse styrker ikke kan ske uden udvikling og en indsats fra omr\u00e5dets beboer. En af de omr\u00e5der der kr\u00e6ver en speciel fokus for at kunne bevare og styre omr\u00e5det er de mange forskellige facetter af byplanl\u00e6gningen. Borgerforeningen \u00f8nsker derfor at udarbejde en byplan strategi som s\u00e6tter et overordnet retning for arbejdet med bevarelse og forbedring af omr\u00e5det.<\/p>\t\t\t\t\t\t<\/div>\n\t\t\t\t<\/div>\n\t\t\t\t<div class=\"elementor-element elementor-element-66fdd73 elementor-widget elementor-widget-spacer\" data-id=\"66fdd73\" data-element_type=\"widget\" data-widget_type=\"spacer.default\">\n\t\t\t\t<div class=\"elementor-widget-container\">\n\t\t\t\t\t<div class=\"elementor-spacer\">\n\t\t\t<div class=\"elementor-spacer-inner\"><\/div>\n\t\t<\/div>\n\t\t\t\t<\/div>\n\t\t\t\t<\/div>\n\t\t\t\t\t<\/div>\n\t\t<\/div>\n\t\t\t\t<div class=\"elementor-column elementor-col-25 elementor-top-column elementor-element elementor-element-52b3d6e\" data-id=\"52b3d6e\" data-element_type=\"column\">\n\t\t\t<div class=\"elementor-widget-wrap\">\n\t\t\t\t\t\t\t<\/div>\n\t\t<\/div>\n\t\t\t\t\t<\/div>\n\t\t<\/section>\n\t\t\t\t<\/div>\n\t\t","protected":false},"excerpt":{"rendered":"<p>Borgerforeningen Borgerforeningen Lille Skensved, H\u00f8jelse og omegn blev stiftet den 22\/10 2014. Hovedform\u00e5let for Borgerforeningen er at v\u00e6re et lokalt taler\u00f8r for Lille Skensved, H\u00f8jelse og omegn samt at arbejde for et \u00f8get fokus p\u00e5 v\u00e6kst i K\u00f8ge Nord med det form\u00e5l at tiltr\u00e6kke og fastholde borgere og b\u00f8rnefamilier. Det er foreningens hensigt at arbejde [&hellip;]<\/p>\n","protected":false},"author":1,"featured_media":0,"parent":0,"menu_order":0,"comment_status":"closed","ping_status":"closed","template":"","meta":{"_acf_changed":false,"footnotes":""},"class_list":["post-23","page","type-page","status-publish","hentry"],"acf":[],"_links":{"self":[{"href":"https:\/\/borgerforeningen.asaplive.dk\/index.php?rest_route=\/wp\/v2\/pages\/23","targetHints":{"allow":["GET"]}}],"collection":[{"href":"https:\/\/borgerforeningen.asaplive.dk\/index.php?rest_route=\/wp\/v2\/pages"}],"about":[{"href":"https:\/\/borgerforeningen.asaplive.dk\/index.php?rest_route=\/wp\/v2\/types\/page"}],"author":[{"embeddable":true,"href":"https:\/\/borgerforeningen.asaplive.dk\/index.php?rest_route=\/wp\/v2\/users\/1"}],"replies":[{"embeddable":true,"href":"https:\/\/borgerforeningen.asaplive.dk\/index.php?rest_route=%2Fwp%2Fv2%2Fcomments&post=23"}],"version-history":[{"count":526,"href":"https:\/\/borgerforeningen.asaplive.dk\/index.php?rest_route=\/wp\/v2\/pages\/23\/revisions"}],"predecessor-version":[{"id":2337,"href":"https:\/\/borgerforeningen.asaplive.dk\/index.php?rest_route=\/wp\/v2\/pages\/23\/revisions\/2337"}],"wp:attachment":[{"href":"https:\/\/borgerforeningen.asaplive.dk\/index.php?rest_route=%2Fwp%2Fv2%2Fmedia&parent=23"}],"curies":[{"name":"wp","href":"https:\/\/api.w.org\/{rel}","templated":true}]}}